hat is 35 - -2414641?
2415006
In base 4, what is 101301223300313 + -3?
101301223300310
In base 9, what is 348 + 6874?
7333
In base 8, what is -40421 - 1167?
-41610
In base 8, what is -20374 + -1674?
-22270
In base 8, what is -1020 - 4565?
-5605
In base 8, what is -5 + 16364752?
16364745
In base 6, what is -40 - 3301200005?
-3301200045
In base 16, what is -224b - d0?
-231b
In base 12, what is 23554982 - 4?
2355497a
In base 10, what is 5 + -303162?
-303157
In base 14, what is 1 + 321b7a?
321b7b
In base 16, what is 40 - -4a6bf?
4a6ff
In base 15, what is 123de + -144?
1229a
In base 2, what is 101001010010000110111011011000 + 101?
101001010010000110111011011101
In base 9, what is -7810407 + -4?
-7810412
In base 14, what is 4 - -b61b380?
b61b384
In base 16, what is 2 - -232e56?
232e58
In base 14, what is 18b - -22096?
22243
In base 11, what is -1 - -22700632?
22700631
In base 2, what is -11000111110010 - -10?
-11000111110000
In base 8, what is 34 - -2051303?
2051337
In base 5, what is -441134 + -133?
-441322
In base 11, what is 28 + -975262?
-975235
In base 6, what is -353325102 + -12?
-353325114
In base 3, what is -21002001110202 + 122?
-21002001110010
In base 15, what is ca19285 + 0?
ca19285
In base 10, what is -1586 - -250?
-1336
In base 14, what is -1588 - -4a9?
-10bd
In base 5, what is 2014 - 1232114234?
-1232112220
In base 14, what is -c + 109a5d4?
109a5c6
In base 2, what is 101111111101001 + 110011000010?
110110010101011
In base 5, what is -1131 - -132124223?
132123042
In base 10, what is -32935257 - -3?
-32935254
In base 9, what is -8358711 - 3?
-8358714
In base 7, what is 535 - 10161533?
-10160665
In base 12, what is -5 - 209173?
-209178
In base 6, what is -32423 - 4432?
-41255
In base 10, what is 16313632 - -1?
16313633
In base 13, what is -21394 - 133?
-214c7
In base 15, what is 81b12 - -3?
81b15
In base 2, what is 101000010101110011 - -10001110?
101000011000000001
In base 4, what is 3111222200233 + 1?
3111222200300
In base 11, what is -20 + -302239?
-302259
In base 6, what is -335151013 - -130?
-335150443
In base 8, what is -6154075472 + 2?
-6154075470
In base 8, what is -1207246 - 167?
-1207435
In base 15, what is 8 + 47248?
47251
In base 5, what is 4202 - -2203201?
2212403
In base 9, what is -25577 - -1127?
-24450
In base 16, what is 10f - 9412?
-9303
In base 16, what is 10 - -fd9316?
fd9326
In base 13, what is 22779 + 39?
227b5
In base 12, what is -74258 + 5a8?
-73870
In base 12, what is -778a + -4597?
-10165
In base 12, what is 46048a1 + -14?
4604889
In base 6, what is -34523333 - -412?
-34522521
In base 16, what is -16719a - 60?
-1671fa
In base 10, what is -5 + 53347?
53342
In base 13, what is -1847ca6 - 8?
-1847cb1
In base 13, what is b00963 - 20?
b00943
In base 15, what is -178 + ee544?
ee3bb
In base 3, what is 1212112222121 + -22?
1212112222022
In base 7, what is 46200112 + -114?
46166665
In base 15, what is -461 + 232e0?
22d7e
In base 5, what is 4 + 44121010331?
44121010340
In base 6, what is 115 + 12534002?
12534121
In base 13, what is c - 25c2316?
-25c2307
In base 8, what is 4 - -303200?
303204
In base 10, what is 1 + 10496447?
10496448
In base 6, what is -330255223 - 13?
-330255240
In base 8, what is 2007003 + -20?
2006763
In base 8, what is 47335 + -1201?
46134
In base 8, what is 2 + -2476407?
-2476405
In base 3, what is 1222000 + 10002022?
12001022
In base 9, what is 53605 - -7754?
62460
In base 14, what is 0 - -2745820?
2745820
In base 4, what is 120020202 + 32233?
120113101
In base 14, what is -5 - 1aacb5b?
-1aacb62
In base 10, what is -449 - -6626?
6177
In base 12, what is -5 + 928891b0?
928891a7
In base 12, what is -4909 - -24?
-48a5
In base 7, what is 1122533266 - 0?
1122533266
In base 10, what is -11971123 + 4?
-11971119
In base 8, what is 15 + -12633533?
-12633516
In base 2, what is 100110010010 - 111101000001000?
-111000001110110
In base 9, what is -1218113 - 2454?
-1221567
In base 15, what is 0 - -2ea950?
2ea950
In base 13, what is 3c0b8b - 2?
3c0b89
In base 8, what is -3 - 27161527?
-27161532
In base 10, what is 66 - 3677834?
-3677768
In base 8, what is 1652 + 143232?
145104
In base 13, what is -c6 + 5b545?
5b44c
In base 14, what is -d + 1845d4?
1845c5
In base 11, what is -105 + 615277?
615172
In base 12, what is 14243006 + 7?
14243011
In base 2, what is 1 + -10111110010000000110111011?
-10111110010000000110111010
In base 5, what is 303430 + 10123?
314103
In base 16, what is -6965c14 - -1?
-6965c13
In base 12, what is b - -1a60200?
1a6020b
In base 16, what is 1d19d - -1b?
1d1b8
In base 2, what is -1 + 1100110110011111010001000101?
1100110110011111010001000100
In base 11, what is -71 + 193507?
193446
In base 14, what is -977a4b25 + -3?
-977a4b28
In base 9, what is -23311580 - 5?
-23311585
In base 2, what is -10011100001101 + 1000110011?
-10010011011010
In base 7, what is 632140 - -6?
632146
In base 12, what is -20110aa4 - -5?
-20110a9b
In base 11, what is 1a89667 + -3?
1a89664
In base 2, what is 10 - 1110000100000011101110?
-1110000100000011101100
In base 13, what is -6 - 6919ca?
-691a03
In base 14, what is a7ad4 + -6?
a7acc
In base 9, what is 5 + -151031654?
-151031648
In base 14, what is 9505 - 705?
8c00
In base 14, what is -1 - -9d8312?
9d8311
In base 6, what is 534435234 + 1?
534435235
In base 7, what is -40315 + -2?
-40320
In base 2, what is 1100010010101 + -10001001100110?
-100111010001
In base 12, what is -1451a + b2a5?
-5235
In base 6, what is -4003312 - 553?
-4004305
In base 10, what is -2 - 200370299?
-200370301
In base 8, what is 70224 + -4143?
64061
In base 5, what is 12120231 - 110410?
12004321
In base 3, what is 12 + 120102220221020101?
120102220221020120
In base 7, what is -5013 + 60104?
52061
In base 7, what is -440 - -66304?
65534
In base 16, what is -8 - 3c4cdda?
-3c4cde2
In base 5, what is 4124241 + 104?
4124400
In base 16, what is -319 + 630d6?
62dbd
In base 16, what is 1 + -b0500d?
-b0500c
In base 15, what is 3 - 4480ee8?
-4480ee5
In base 13, what is -9233c04 + 1?
-9233c03
In base 10, what is 1184 + -6897?
-5713
In base 12, what is -6 + 1a8218?
1a8212
In base 13, what is -81 - 8c15c?
-8c210
In base 9, what is -340033 + -4?
-340037
In base 13, what is acb16 - 8?
acb0b
In base 3, what is -210021 - -2101201112?
2100221021
In base 14, what is -4 + -1928515?
-1928519
In base 12, what is 40788 - -81?
40849
In base 13, what is 6c - -14029?
14098
In base 4, what is -32210 - -1322330310?
1322232100
In base 16, what is -38e8e + ec9?
-37fc5
In base 16, what is 1715 - -e00?
2515
In base 13, what is 12182 - -863?
12a15
In base 16, what is -2717d37 - 0?
-2717d37
In base 8, what is -3 + 24050055?
24050052
In base 9, what is 1038054 + -8?
1038045
In base 15, what is -1 + -1c6633d?
-1c6633e
In base 11, what is -aa2839 + -2?
-aa2840
In base 12, what is b2858 - 1?
b2857
In base 4, what is -133 + -101210213203?
-101210220002
In base 6, what is -1142350235 + 30?
-1142350205
In base 9, what is -1 + 10411441?
10411440
In base 2, what is 1010100 + -10100011110111000?
-10100011101100100
In base 15, what is -69 + -286bc?
-28736
In base 2, what is 1000011101001100111111110 - 100?
1000011101001100111111010
In base 5, what is -323 + -11312433?
-11313311
In base 13, what is -85c287 - -3c?
-85c248
In base 3, what is 200000001 - 201002?
122021222
In base 10, what is 2521267 + 4?
2521271
In base 15, what is -2 + 2baacb?
2baac9
In base 16, what is -3 + -3be669?
-3be66c
In base 15, what is -735c04 - -4?
-735c00
In base 15, what is 168e + 9626?
acb5
In base 7, what is 3016 + -452022?
-446003
In base 16, what is 1232cf - -8?
1232d7
In base 9, what is -7313733 - 1?
-7313734
In base 10, what is 1123106 + -80?
1123026
In base 7, what is -516051 + -23465?
-542546
In base 3, what is 21022 + -1210100111?
-1210002012
In base 7, what is -41544032 + 15?
-41544014
In base 10, what is 30 - 76569?
-76539
In base 2, what is 1110011 + -110110000001110?
-110101110011011
In base 12, what is -489a6a - -14a?
-489920
In base 12, what is -1795 + 11304?
b72b
In base 15, what is -cc + 3117b2?
3116d5
In base 5, what is -31 + 131102411?
131102330
In base 5, what is 4424413124 - -3?
4424413132
In base 15, what is -41d - -49e40?
49a22
In base 3, what is -122101112101 + 0?
-122101112101
In base 12, what is -5 - -1a16b82b?
1a16b826
In base 9, what is -6